(-3 - t) composite?
True
Suppose 4*j - 1821 = 2639. Is j composite?
True
Suppose 4*p + 2750 + 135 = 5*h, 0 = 4*h - 3*p - 2307. Is h composite?
True
Suppose -3*s = 3, 4*f + 5*s = -f. Let u = f + 2. Suppose -t - 1 = -u. Is t a composite number?
False
Suppose 8*c - 102 = 6*c + 4*h, -3*c + 157 = -2*h. Is c prime?
True
Let p(o) be the second derivative of -7*o**3/3 - 2*o. Is p(-1) a prime number?
False
Let z be -597 + (-2 - (-5 - -2)). Let i = z - -853. Suppose -4*m - 2*j + 346 = 0, -3*m - 3*j + i = -j. Is m prime?
True
Suppose -3*d - 1 = 4*w, 5*d + 3*w + 25 = w. Let t(g) = g**3 + 7*g**2 - 10*g - 3. Is t(d) composite?
False
Let j(c) be the first derivative of 2*c**2 - 3*c + 1. Let g be j(6). Let w = g + 13. Is w prime?
False
Let o = -113 - -228. Is o composite?
True
Let m(k) = -8*k**2 - k + 1. Let s be m(2). Is (s/12)/(4/(-112)) prime?
False
Suppose -7*x = -2*x. Let u = -1 + x. Is (u + 0)*1 - -22 composite?
True
Suppose -3*f + 16014 = -3*m, 5*f = 3*f + 4*m + 10686. Is f a prime number?
True
Let u = -7 - -11. Suppose c - 29 = -q, -2*c + 12 = u*q - 42. Is c prime?
True
Suppose -2*b = -4*b + 36. Let s = b - -71. Is s composite?
False
Let x be (-70)/(-20) + 2/4. Suppose -2*b - 2*z = -112, 2*b - x*z = 3*b - 53. Is b composite?
True
Let u(y) = -3*y**3 - 6*y**2 - 6*y - 6. Let c be u(-5). Let s = c - 130. Is s a composite number?
True
Let w be 0 - -22 - (-3 + 4). Let f = w - 36. Is 4/(-10) + (-831)/f a composite number?
True
Let l = -200 + 92. Let d = l + 199. Is d composite?
True
Suppose 27 = 3*g - 3*f, g + g + f - 30 = 0. Let x = 64 - g. Is x prime?
False
Suppose 0 = -4*r - 23 - 9. Let p(m) = -12*m + 1. Is p(r) composite?
False
Suppose -411 = -5*d + f, -2*d + 5*f + 0*f + 146 = 0. Is d a prime number?
True
Suppose -5*k - 31 = 2*s - 13, 0 = k - s - 2. Is ((-2)/k)/(-1)*-149 composite?
False
Let g = 826 - 444. Suppose 0 = c + c - g. Is c prime?
True
Let r = -260 - -387. Is r prime?
True
Suppose 3 = 2*q - 7. Let t(g) = -g**3 + 6*g**2 + 6*g + 2. Let o be t(6). Suppose 3*k = q*k - o. Is k a prime number?
True
Is (-5)/2*(-358)/5 a prime number?
True
Let q(a) = a - 1. Let n be q(4). Suppose 4*s = -4*k - 28, -5*s = k + n*k + 32. Is (1*2)/((-2)/s) a composite number?
True
Is -1 + 10 - (2 + 0) prime?
True
Suppose 2*y - 6 = 2*z, -2*y + 19 = 3*y - z. Suppose -240 - 100 = -y*c. Is c a prime number?
False
Let s be 2*30/(-4) + -3. Is ((-207)/s)/(1/22) a prime number?
False
Suppose 0 = 5*n - 0*n + 20. Let o be n/20 - (-22)/10. Suppose 3*g - 653 = -4*l, -l - 2*l - 407 = -o*g. Is g a composite number?
False
Let b = -22 + 19. Let h(o) = 12*o**2 + o + 1. Is h(b) a composite number?
True
Suppose w - 5 = 1. Let o(z) = 7*z - 7. Is o(w) a composite number?
True
Suppose -2*u + 5374 = -3*n, 20 = -0*n - 5*n. Is u prime?
False
Let j be -2*(-2)/(-4) - 1. Is j*(2 + 174/(-4)) prime?
True
Suppose -4348 = -21*g + 17*g. Is g a prime number?
True
Suppose -m + 9*m = 1424. Is m prime?
False
Let s(u) = u**3 + 14*u**2 + 9*u + 3. Is s(-11) prime?
False
Suppose -r = -5*n - 4, -5*r + 2*n = -r - 16. Is (4/5)/(r/70) a composite number?
True
Let z(g) = 3*g - 3. Let h(c) = -c**2 - 5*c + 6. Let a(j) = -2*h(j) - 5*z(j). Let y be a(5). Is 7/y - 406/(-8) prime?
False
Suppose 6 + 4 = o. Suppose 98 = 2*f - w + 3*w, 0 = -5*w - o. Is f prime?
False
Let x(s) = 67*s + 3. Let m be x(3). Let n = m - -43. Is n a composite number?
True
Suppose z - 2 = -7. Let n(b) = 49*b**2 + b - 9. Is n(z) prime?
False
Suppose 4*c = 2*c + 1626. Is c composite?
True
Suppose -820 = -2*j - 3*j. Let y = -111 + j. Is y a prime number?
True
Is (5060/(-30))/((-2)/3) a prime number?
False
Let r = 12 - 71. Suppose 2*a + 4 + 68 = 0. Let c = a - r. Is c a composite number?
False
Let c be (-2)/(-8) - (-5)/(-4). Let v be (c + 5)*7/2. Suppose 3*y - v = 19. Is y prime?
True
Let j(s) = -s**3 + 6*s**2 + s - 5. Let r = 4 - -2. Let x be j(r). Is 1 + -2 - (-114)/x composite?
False
Let y(q) = q**3 - 10*q**2 - 11*q - 29. Is y(12) prime?
True
Suppose 0 = -5*l + l. Let v(m) = 3*m - 15. Let h be v(10). Suppose 5*r - 40 = z, 3*z = -l*z - h. Is r a composite number?
False
Let v(s) = s + 1. Let q be v(4). Suppose -3*t + 16 = -q. Is t composite?
False
Suppose 335 = 3*k - 22. Is k a prime number?
False
Let t(d) = 15*d - 2. Let i be t(1). Let h = i - -12. Is h prime?
False
Let k(v) = -v + 1. Let h be k(2). Let a = h - -1. Suppose -8*r + 3*r + 115 = a. Is r a composite number?
False
Let r(m) be the third derivative of -m**4/24 + 89*m**3/6 - 4*m**2. Is r(0) prime?
True
Let l = 1718 - 727. Is l prime?
True
Let g(y) = 0*y**2 + 8*y + 5*y + 14 + y**2. Is g(-13) prime?
False
Suppose 7 = -2*l + 3*l. Suppose -2*r = -r - l. Let n(d) = d**3 - 8*d**2 + 9*d - 7. Is n(r) a prime number?
True
Let o(t) = -45*t + 1. Let h be o(-3). Suppose 2*b + 0*m - 94 = 4*m, -3*b + 5*m = -h. Let v = 58 - b. Is v a composite number?
True
Is ((-5)/10)/(0 - 3/1506) composite?
False
Let l(a) = 49*a**2 - 9*a + 23. Is l(6) a prime number?
True
Let k(p) be the first derivative of p - 2 + 1/3*p**3 - 1/2*p**2. Is k(6) composite?
False
Let g(x) = -128*x - 1. Let t = 20 - 8. Let n = 11 - t. Is g(n) prime?
True
Suppose 2*t - 4 = 4*y, -4*t = 2*y + 2*y + 4. Let w(f) = -15*f**3 - 3*f**2 - 3*f - 2. Let z be w(-2). Suppose -5*j - 17 + z = t. Is j composite?
False
Let g(u) = u**3 + 2*u**2 - 5*u - 2. Let s be g(-3). Let i be (4 - 1) + s + -5. Suppose 89 = o + 4*d, 0 = -0*o + i*o + 5*d - 169. Is o prime?
False
Suppose -3*a = -3*p, 12 = 2*p - a + 2*a. Suppose p*k + 9 - 69 = 0. Suppose w - k = 8. Is w a composite number?
False
Let j(v) = v - 1. Let x be j(1). Suppose x*c = 3*c. Suppose c*y - 5*y + 50 = 0. Is y composite?
True
Let h = -58 + 395. Is h composite?
False
Let a be 6/33 - 40/(-22). Let h(r) = -16*r - a - 3 + 2*r. Is h(-4) a prime number?
False
Suppose g = -3*g + 5*j + 7282, -3638 = -2*g + 4*j. Is g a prime number?
True
Let l(d) = d**3 + 20*d**2 - 2*d - 43. Is l(-18) a composite number?
False
Let b(d) = d**2 - 6*d + 7. Let n be b(6). Suppose -4*q = w + 15, 0*w - w = 2*q + n. Is (-3*w)/((-1)/11) composite?
True
Suppose -5*a - 2 + 12 = 0. Is 1/(107/53 - a) a composite number?
False
Let u(q) = 3*q + 0*q + q**2 + 3*q**3 - 2*q. Let v be u(2). Is ((-11)/2)/((-3)/v) composite?
True
Let h(s) = 24*s - 2. Let z be h(2). Suppose 33 = j - z. Is j a composite number?
False
Suppose -14368 = -4*o + 5*m, -3*o = 2*o + 5*m - 17915. Is o a composite number?
True
Let j = -76 + 195. Is j a prime number?
False
Suppose 3 = -5*s + 4*i, 3*s - 4*i = -s. Let g(y) = 3*y**2 - 3 - 5*y + 0*y + 0*y**2. Is g(s) composite?
True
Suppose 0 = -5*s - g + 17, -7*s + 3*s + 22 = 5*g. Suppose -a - 2*a = 2*h - 297, 0 = -5*h - s*a + 720. Is h a composite number?
True
Let d = 6 - 2. Is (-1)/4 - (-333)/d a prime number?
True
Suppose -4*l + 2 = 206. Suppose 4*f + p - 16 = 0, -5*p = -2*f - 0*f + 8. Let y = f - l. Is y prime?
False
Let u be (9/3)/(6/4). Let v be (3/2)/(u/(-476)). Let d = -194 - v. Is d prime?
True
Let o = 433 + -144. Is o a composite number?
True
Is (1931/(-3))/((-3)/27) prime?
False
Let g(y) = y**2 + 3*y + 1. Let a be g(8). Let o = a - 4. Is o composite?
True
Let h = 603 - 404. Is h a composite number?
False
Is (98/(-28))/(1/(-38)) a composite number?
True
Suppose -5*a + 181 = 2*l, 3*l = -l + 4*a + 376. Let c = -44 + l. Is c composite?
True
Let s be (88/10)/((-4)/20). Is 2/11 + (-3820)/s composite?
True
Let x(a) = -a**3 - 5*a**2 + a + 5. Is x(-6) prime?
False
Suppose -22 = 5*g + 393. Is 0/(-2) - (g - -6) a composite number?
True
Is 1434/1*6/12 prime?
False
Suppose 0 = -6*s + 4*s - 94. Let b = 33 + s. Let l = 27 + b. Is l a composite number?
False
Let d(b) = -2*b**2 - 8*b - 8. Let m be d(-7). Let f = -13 + -22. Let i = f - m. Is i a prime number?
False
Suppose -4*t = -2*p + 7894, 4027 - 90 = p + 3*t. Is p prime?
True
Suppose -2*d - 5*s = -0*d - 3, -2*s + 18 = 5*d. Suppose a + 93 = d*a. Is a composite?
False
Suppose -2*y + 638 = -0*y. Is y prime?
False
Is ((-2)/(-4))/((-1)/(-194)) a composite number?
False
Let h = -158 + 349. Is h a composite number?
False
Let t = 7 - 13. Let b be (8/14)/(t/(-21)). Suppose 3*w - 8 = -s + 17, -5*s = -b*w - 176. Is s a composite number?
True
Suppose -10 = 3*m - 0*m + j, 3*j = -5*m - 18. Is 1*(115 - (-1 - m)) composite?
False
Suppose i + 2*l = 7 + 2, 2*i + 3*l = 13. Let b = 1 - i. Is b composite?
Fals